Let n(j) = j + 3. Let a be n(-6). Let v be 8*(a/6)/(1/(-4)). Suppose 14*k = v*k - 6454. Is k a prime number?
False
Let m = 125797 + -86138. Is m composite?
False
Let i(j) = 432*j**3 - 10*j**2 + 76*j - 101. Is i(6) a prime number?
True
Let h(c) = -3*c**3 - 16*c**2 - 8*c + 1. Let w be (80/12)/10*(-30)/4. Let m be (0 - -2) + (-17 - w). Is h(m) a composite number?
False
Suppose 0 = 45*r - 38*r - 198884. Is ((-11)/22)/((-2)/r) a composite number?
False
Suppose -2*f - 2*z = 2*z - 2120, 0 = 3*f - z - 3194. Let l be (-408 - -408) + (1 - -1*2). Suppose -2*d = -2*c - f, l*d + 5*c - 1074 = 498. Is d a prime number?
False
Let j(p) = -19*p - 7. Let c be j(-2). Suppose -m + c = -274. Suppose 4*w = 203 + m. Is w a composite number?
False
Let x(n) = n**3 + 30*n - 925. Is x(66) a composite number?
False
Let f = 300957 + 110102. Is f a prime number?
False
Let l = -1795 + -3650. Let n = l + 3381. Let h = -1213 - n. Is h a prime number?
False
Suppose 3*r + 5*c - 284 = 0, -7*r - c = -2*r - 466. Let m = r - 91. Suppose 0 = m*b - 5*n - 523, -b + n + 174 = -80. Is b prime?
False
Let w = 2915594 + -1678081. Is w a prime number?
True
Let u(o) = 13*o**2 - 6 + 40 + o**3 + 0*o + 24*o - 7. Let n be u(-11). Is (5/n)/((-1920)/1923 - -1) composite?
False
Let v = 1 - -3. Let s be (3 - 5) + 383 + v. Suppose 2*o + s - 2837 = 0. Is o prime?
False
Suppose -p = -5*a + 3*a, 4 = -3*p + 2*a. Let w(j) be the third derivative of -103*j**4/12 - j**3/2 - 51*j**2. Is w(p) a composite number?
False
Is 1/(523656/(-2618355) + 7/35) a composite number?
True
Let v(f) = 30*f**2 + f - 2*f - 2 + f. Let j be v(-2). Let b = 48 + j. Is b prime?
False
Is (-732461 + -25)*(-12)/72 a prime number?
True
Let r be (-36)/(-10) - -6*8/120. Suppose 0 = 4*s + 2*u - 36722, 4*s - 3*u + r*u - 36725 = 0. Is s a prime number?
False
Let r(x) = -3*x**3 + 6*x**2 + 26*x - 5. Let c be r(8). Suppose 3*z + 5*d = z - 1045, 5*d = -5*z - 2575. Let o = z - c. Is o composite?
False
Let k be (-94)/7 - ((-168)/49 - -4). Let w(y) = 1. Let m(i) = 158*i + 22. Let j(q) = -m(q) + 5*w(q). Is j(k) composite?
True
Suppose -u = -11*v + 7*v + 165367, -5*u - 206720 = -5*v. Is v composite?
False
Let o be (-1348)/(1*2/(-5)). Let s = 8591 - o. Is s prime?
False
Suppose -39883 = -6*o + 88295. Suppose o = 141*y - 138*y. Is y a composite number?
False
Let t = 135369 - 42548. Is t prime?
True
Let g = 13763 - -19778. Is g a prime number?
False
Let j(b) = 33*b**3 + 17*b**2 + 15*b + 6. Let a(n) = -50*n**3 - 26*n**2 - 22*n - 10. Let h(x) = 5*a(x) + 7*j(x). Is h(-5) prime?
False
Let l be (-7 - 412)*-47 - (0 + 0). Let n = l + -6326. Is n prime?
True
Let j(z) = -45*z**2 + 3 + 4*z + 36*z**2 + 124*z**2 - 3*z. Is j(4) a prime number?
True
Suppose 0 = -4*l, k - 200037 = -2*k + 4*l. Is k a prime number?
False
Suppose -4*n - 3*u = -251068, 66*n + 4*u = 62*n + 251068. Is n prime?
False
Suppose 8 = 4*c, -5*c - 13740 = 3*y - 65878. Let g be ((-6)/8)/((-8)/y). Let w = 3680 - g. Is w composite?
True
Suppose -217*t + 654398 = 4*y - 218*t, -2*y + 3*t + 327184 = 0. Is y composite?
False
Is (-5 - -364099) + (-171)/(-19) a composite number?
False
Let v(j) = -5424*j + 2635. Is v(-44) prime?
True
Let v = 268 - 185. Suppose 203 = -3*r - 5*a - v, -5*a + 428 = -4*r. Let w = r - -179. Is w composite?
True
Let a = 337607 - 184200. Is a composite?
False
Let b(u) be the first derivative of -4321*u**4/2 - 2*u**3/3 - u**2/2 - 35. Is b(-1) prime?
True
Suppose -1872*x - 699827 = -1891*x. Is x a prime number?
True
Let j = -1405812 - -3701957. Is j a composite number?
True
Let d = -42 - -52. Suppose d*u + 93 + 37 = 0. Let l(t) = -146*t - 51. Is l(u) a prime number?
True
Let n(z) = 572*z - 17. Let g(h) = -21 + 37 - h - 15. Let c be g(-5). Is n(c) prime?
False
Let z(v) = -8636*v + 565. Is z(-14) prime?
True
Suppose -5*o + 3*o + 376312 = -2*v, 752597 = 4*o + 5*v. Is o composite?
True
Let k(h) be the first derivative of -h**3/3 - h**2 + 781*h + 1766. Suppose z + 4 = 3*l, -4*z - 4 = -3*z. Is k(l) composite?
True
Suppose -14*u - 39313 = 9*u - 24*u. Is u prime?
True
Suppose p + 8 = 2. Let z be (p/4)/(3/(-6)). Suppose 5*c + 3*d - 4556 = 0, c - z*d - 2748 = -2*c. Is c composite?
True
Let z = 216 - 359. Let f be 106/22 - 26/z. Suppose -4*a + f*a - 1037 = 0. Is a prime?
False
Suppose 4*b + 3054 = 4*q - 20450, -2*b = 8. Suppose -19286 = -6*v + q. Let z = v + -1254. Is z composite?
False
Let p be (1030/618)/(5/12). Let w(i) = -i**3 - i**2 + i + 1. Let x be w(-1). Suppose -z + y = -x*z - 775, 3104 = p*z - 5*y. Is z composite?
True
Suppose -392 = -2*i - 4*b + 5*b, 0 = 3*b - 12. Let d be (i/15)/(0 + 8/60). Let c = 10 + d. Is c prime?
True
Suppose -14*s - 48*s = -867583 - 3145119. Is s a composite number?
True
Let n be -21 + 17 - 2307*2. Let z = 9755 + n. Is z composite?
True
Let p(u) = -u**3 + 19*u**2 - 20*u + 38. Let d be p(18). Suppose 0*j + d*j - v = -105, -v - 107 = 2*j. Let y = 24 - j. Is y prime?
False
Let p(q) = -2*q - 2. Let c(g) = 7987*g + 18. Let m(w) = c(w) + 3*p(w). Is m(1) prime?
True
Let k = 86 - 92. Is (k/(-4))/((-30)/(-278260)) prime?
True
Suppose 6*a - 32*a + 52 = 0. Suppose -3*v = a*t - 4363, -t - 4*v = -3*t + 4370. Is t a prime number?
False
Let q(f) = -98 - 90 + 161 - 25*f - 3*f**2. Let o(y) = -y + 1. Let n(v) = 2*o(v) - q(v). Is n(-17) composite?
True
Suppose -4*a - 216136 = -4*c, 0 = 3*c + 5*a - 105698 - 56428. Is c a composite number?
False
Suppose -5*v + 5 = -v - 5*h, 5 = 5*v - 5*h. Let p = 501 - 238. Suppose v*m = -m + p. Is m a composite number?
False
Suppose -22*w + 16688 = -29*w. Is w/(-10) - 3 - (-30)/(-75) composite?
True
Let z(j) = j**2 - 4*j - 14. Let n be z(8). Let a(s) = 83*s + 83. Is a(n) prime?
False
Let d(o) = 160*o**2 + o - 4. Let t(k) = -1. Let r = 50 + -56. Let a(n) = r*t(n) + d(n). Is a(-1) a composite number?
True
Suppose 13*l = -304*l + 26*l + 73955031. Is l a composite number?
False
Suppose -16 = -4*k + 3*v, -5*k + 4*v + v = -20. Suppose 0 = k*x, 2*x = 5*i + x. Suppose i = -y + 28 - 3. Is y composite?
True
Let p = -28 - -14. Let j be (-11208)/9 + p/21. Let f = -579 - j. Is f prime?
False
Suppose 11*t = 6*t - 25. Is -21 + 24 - t/((-5)/(-464)) a composite number?
False
Let n = -79 + 82. Suppose -j = 4*k + 6, 2*j - 20 = 5*k - n*j. Is (6456/16)/((-1)/k) composite?
True
Suppose 2*c - 1381454 = -80*c. Is c a prime number?
False
Suppose -v = -7*i + 6*i - 280588, -2*v = i - 561161. Is v a prime number?
True
Suppose -2*r - 1002 + 1012 = 0. Suppose -l - 3*z + 10334 = 0, -51659 = -r*l - 29*z + 25*z. Is l composite?
False
Suppose -225 = -s - 3*m, 4*m + 3 = -5. Suppose i - 724 = -5*b, 3*b + 4*i - 200 - s = 0. Is b a prime number?
False
Is 0 - 4 - 1560591/((-3)/1) prime?
True
Suppose 0 = -3*n - 4*i + 39118, 2097 + 10935 = n + 5*i. Suppose 0 = 4*z + 5*a - 26084, -5*z + a + n = -3*z. Is z a composite number?
False
Is 8/68 + 11552776/272*(-2 + 4) prime?
True
Let a = 4 - 1. Let n(g) = -133*g + 2. Let d be n(a). Let s = 12 - d. Is s composite?
False
Let f(q) = 173694*q + 379. Is f(5) a prime number?
True
Let y be 3/((-84)/(-49))*1016. Let p = 1844 + y. Is p composite?
True
Suppose 0 - 12 = -3*t, -3*t - 174 = -3*d. Suppose d*r - 66*r = -43892. Is r a composite number?
False
Let x = 187 + -168. Is 6141/4 - x/76 composite?
True
Let b = 38 - 31. Let t(l) = 7*l**3 + 3*l**2 + 8*l - 5. Is t(b) a prime number?
False
Suppose 170910 = 2*b - 2*y - 71138, -2*y = -10. Is b composite?
True
Let x = 38013 - 16454. Is x prime?
True
Is 288636 + 7 + 4 + 0 composite?
False
Suppose z = -v + 3*z - 5, 0 = 5*z - 20. Suppose x + 2*x = -v*t + 4908, t + 3*x - 1628 = 0. Suppose 0 = -4*s + 2*y + t, 4*s - 5*y + 91 = 1737. Is s prime?
True
Let g(y) = y - 4. Let z be g(12). Is (-7)/(12764/70444 + z/(-44)) prime?
False
Suppose 18*n = 16*n + 18. Let d be ((-12)/n + 4)*6. Is (-4)/d*1688/(-2) a composite number?
False
Suppose 4*m - m = 12*m. Suppose m = 25*o - 6*o - 30419. Is o a prime number?
True
Suppose 4*h - 14 = 2*f + 5*h, -5*f - h = 29. Is f + (-42)/(-8) - 6630/(-8) a composite number?
False
Suppose -3*q + 2*p + 0*p = -9588, 0 = 3*q - 5*p - 9597. Suppose -259 = -3*s + q. Is s prime?
True
Suppose 4211 + 5221 = 8*d. Let i = d - -364. Is i a composite number?
False
Suppose -d = -4*f + 736, f + 0*d - 5*d = 184. Suppose -f*v = -180*v - 2524. Is v composite?
False
Suppose -17*u + 624668 = -1811211. Is u pr